e k(107).
-390
Let k(f) = 2*f**2 + 206*f + 2143. What is k(-89)?
-349
Let t(f) = -1122*f - 136540. What is t(-120)?
-1900
Let t(j) = 23*j + 508. What is t(18)?
922
Let c(q) = -921*q**2 - 9212*q + 307. What is c(-10)?
327
Let m(v) = v**3 - 346*v**2 + 19126*v - 3595. Calculate m(277).
6
Let g(m) = 23862*m + 71432. Give g(-3).
-154
Let j(p) = -4827*p + 612211. Determine j(127).
-818
Let o(u) = -3*u**2 + 205*u - 2900. Calculate o(43).
368
Let n(q) = q**2 - 484*q - 19265. What is n(-37)?
12
Let l(r) = -r**3 - 135*r**2 + 10449*r + 45. What is l(55)?
-10
Let o(u) = -4*u**3 - 335*u**2 + 1001*u + 30. Calculate o(3).
-90
Let h(u) = u**2 - 4017*u + 20026. Determine h(5).
-34
Let v(l) = 7*l**3 + 7*l**2 - 75*l - 522. Calculate v(-6).
-1332
Let v(w) = -5*w**2 - 196*w + 10. Give v(3).
-623
Let x(p) = 2*p**3 - 47*p**2 - 12263*p + 248062. Give x(20).
2
Let a(d) = 124020*d + 372077. Calculate a(-3).
17
Let v(t) = -4043*t + 13. Give v(0).
13
Let s(c) = -25*c**2 - 717*c + 13. Calculate s(-26).
1755
Let h(q) = -97*q**2 - 4372*q - 195. Determine h(-45).
120
Let z(g) = -67*g**2 - 22309*g + 629. What is z(-333)?
-37
Let b(h) = -h**3 - 11*h**2 - 584*h - 3552. What is b(-6)?
-228
Let q(s) = s**3 + 50*s**2 - 2084*s - 432. Give q(-77).
-47
Let q(v) = 1044379*v + 2088748. Calculate q(-2).
-10
Let l(n) = n**3 - 90*n**2 + 1763*n + 10494. Give l(53).
0
Let v(s) = -764*s + 18280. Give v(24).
-56
Let n(y) = -3*y**2 + 7157*y - 57134. Give n(8).
-70
Let m(r) = -r**2 - 267*r - 16828. Calculate m(-102).
2
Let g(q) = 16*q**2 - 182*q + 62. Give g(11).
-4
Let b(x) = -11125*x - 311535. Determine b(-28).
-35
Let u(a) = -27*a**3 - 24*a**2 + 161*a. Calculate u(2).
10
Let k(c) = c**3 - 1156*c**2 + 34884*c - 10126. Give k(1125).
-1
Let i(k) = k**3 - 356*k**2 - 1326*k - 41026. What is i(360)?
14
Let m(d) = -229*d + 17900. What is m(78)?
38
Let c(s) = 30*s**3 - 3692*s**2 + 237*s + 1100. Determine c(123).
-7
Let x(t) = -t**3 + 388*t**2 + 71240*t + 12567. Determine x(524).
-9
Let y(w) = 3*w**2 - 622*w + 5940. Calculate y(10).
20
Let v(d) = 142969*d - 3860160. Give v(27).
3
Let c(h) = -h**3 - 246*h**2 + 10*h + 1953. Determine c(-246).
-507
Let f(s) = 6*s**3 - 1687*s**2 - 1411*s + 233. Calculate f(282).
-49
Let x(r) = r**3 - 51*r**2 + 702*r - 15265. Give x(43).
129
Let d(v) = 3*v**2 + 1566*v - 23188. Calculate d(15).
977
Let c(w) = 3*w**2 - 15*w - 309. Calculate c(15).
141
Let t(j) = 1264*j + 43161. Determine t(-34).
185
Let o(m) = -21700*m - 86924. Determine o(-4).
-124
Let h(k) = -349*k - 2118. Calculate h(-6).
-24
Let q(p) = p**3 - 23*p**2 - 7*p + 389. Give q(23).
228
Let g(d) = 14*d**2 + 683*d + 600. Give g(-48).
72
Let v(i) = -1505687*i - 15056847. Determine v(-10).
23
Let i(j) = -832*j + 1475. Calculate i(2).
-189
Let u(g) = g**2 - 3442*g + 78659. Give u(23).
22
Let w(y) = -3989*y + 702064. Determine w(176).
0
Let j(l) = -2227617*l - 14. Determine j(0).
-14
Let j(h) = -h**3 - 11*h**2 - 66*h - 49. Calculate j(-12).
887
Let t(l) = 45*l**2 - 697*l + 2423. Calculate t(7).
-251
Let q(g) = 2*g**2 + 119*g + 537. Determine q(-4).
93
Let g(o) = -194*o + 12922. Calculate g(64).
506
Let t(a) = -3903*a + 120963. What is t(31)?
-30
Let i(b) = -3*b**3 - 57*b**2 - 11*b + 71. What is i(7)?
-3828
Let u(g) = 67*g**2 + 762*g - 64. Determine u(-12).
440
Let i(f) = 2*f**3 - 146*f**2 - 2091*f - 615. Determine i(-12).
-3
Let l(y) = -15*y**3 - 3*y**2 + 20*y + 1361. Calculate l(0).
1361
Let i(l) = -2*l**3 - 25*l**2 + 1253*l - 4480. Calculate i(4).
4
Let a(z) = -z**2 - 5644*z - 2539389. Give a(-493).
54
Let p(c) = 25129*c - 48943. What is p(2)?
1315
Let t(s) = s**2 + 129*s - 4911. Give t(-157).
-515
Let t(j) = -4*j**3 - 18*j**2 - 126*j - 783. Give t(-7).
589
Let a(s) = 4843*s**2 + 3374*s - 3373. Give a(1).
4844
Let u(t) = 1228958*t + 10. Determine u(0).
10
Let z(k) = -155*k - 9496. Determine z(-68).
1044
Let j(v) = -2467*v + 438135. Determine j(178).
-991
Let f(k) = -84*k - 12387. Determine f(-161).
1137
Let m(z) = z**2 + 2813*z + 5626. Give m(-2).
4
Let m(i) = -22564*i + 90302. Determine m(4).
46
Let j(n) = 14*n**3 + 495*n**2 + 660*n + 123. What is j(-34)?
-353
Let m(j) = 166*j**2 - 26*j - 10827. What is m(-8)?
5
Let i(x) = x**3 + 88*x**2 - 747*x - 72613. Calculate i(-87).
-55
Let h(g) = -g**3 - 35*g**2 - 129*g + 4712. Calculate h(9).
-13
Let q(u) = -4*u**2 - 91*u - 196. What is q(-31)?
-1219
Let v(x) = -2*x**3 + 46*x**2 + 429*x - 10394. Give v(22).
12
Let v(j) = -14*j**3 - 778*j**2 - 444*j - 292. Give v(-55).
-72
Let m(j) = j**3 - 1421*j**2 - 1523*j + 143631. What is m(1422)?
9
Let z(v) = v**3 + 75*v**2 + 181*v - 20071. What is z(-68)?
-11
Let w(m) = 757*m - 35583. Calculate w(47).
-4
Let s(l) = 29*l**2 + 371*l + 95. What is s(-16)?
1583
Let s(m) = -28*m**2 - 167*m + 844. What is s(5)?
-691
Let k(q) = -24*q**3 - 7*q**2 + 75*q - 173. What is k(3)?
-659
Let d(c) = -10*c**2 - 225*c - 898. Give d(-5).
-23
Let z(m) = 83*m**2 - 1414*m + 56. Determine z(17).
5
Let f(m) = 160*m + 47778. Give f(-253).
7298
Let k(h) = 2*h**2 + 79*h + 761. Give k(-58).
2907
Let o(s) = -90069*s - 360916. Determine o(-4).
-640
Let m(k) = 2880*k + 549302. Give m(-191).
-778
Let k(s) = s**3 - 1193*s**2 - 50615*s + 25911. Calculate k(1234).
-3
Let i(d) = -60*d**2 + 14937*d + 746. What is i(249)?
-1
Let g(x) = -448*x**2 - 3678*x - 1. Give g(-8).
751
Let i(j) = 369*j - 32837. Calculate i(90).
373
Let i(w) = -w**3 - 336*w**2 - 1364*w - 11995. Calculate i(-332).
-43
Let i(u) = -332*u - 650. Determine i(-2).
14
Let t(v) = -89*v**3 - 4*v**2 + 9*v + 38. What is t(-2)?
716
Let u(s) = -34936*s**2 - 174686*s - 30. What is u(-5)?
0
Let i(z) = -z**2 + 161*z - 5910. Give i(55).
-80
Let y(a) = 3*a**3 - 76*a**2 + 245*a - 3566. What is y(24)?
10
Let o(g) = -g**3 - 218*g**2 + 399*g + 85. Determine o(2).
3
Let f(s) = 103*s + 48476. What is f(-472)?
-140
Let g(u) = 2*u**2 + 1026*u - 7236. Determine g(7).
44
Let p(l) = -11*l**2 - 845*l - 8593. What is p(-12)?
-37
Let k(d) = -275*d**3 - 43*d**2 - 79*d + 9. What is k(-2)?
2195
Let u(o) = o**3 + 219*o**2 + 786*o + 76365. What is u(-217)?
-19
Let a(j) = -j**3 + 188*j**2 + 1419*j - 10487. What is a(195)?
43
Let c(h) = -6*h**3 + 21*h**2 - 42*h + 27. Give c(5).
-408
Let k(v) = 2500*v + 47466. Calculate k(-19).
-34
Let q(p) = -6090*p - 85387. Give q(-14).
-127
Let v(i) = -204*i**2 - 5887*i + 848. Calculate v(-29).
7
Let t(r) = 2*r**2 + 653*r + 37223. Determine t(-253).
32
Let x(k) = k**3 - 717*k**2 + 32114*k - 1395. Calculate x(669).
-57
Let a(o) = 39*o**3 - 1601*o**2 + 81*o + 21. Determine a(41).
-20
Let f(l) = -2936*l - 563608. Give f(-192).
104
Let u(b) = -b**3 + 118*b**2 - 7106*b + 881514. What is u(120)?
-6
Let b(o) = -o**3 + 2*o**2 + 34*o - 23. Determine b(9).
-284
Let t(l) = -l**3 + 18*l**2 + 1566*l + 3049. Determine t(-2).
-3
Let u(x) = -2*x**2 + 58*x - 331. What is u(16)?
85
Let m(j) = 807*j - 13618. Calculate m(17).
101
Let n(k) = -39473*k - 5. What is n(0)?
-5
Let b(h) = h**3 - 43*h**2 - 566*h + 265. Determine b(-11).
-43
Let w(f) = 5*f**3 + 87*f**2 - 23*f - 239. Calculate w(-17).
730
Let p(u) = 48*u**3 + 289*u**2 + 3*u - 26. Determine p(-6).
-8
Let v(n) = 5431*n + 2194124. Determine v(-404).
0
Let l(f) = 2*f**2 + 1552*f - 31379. Calculate l(20).
461
Let k(f) = -382*f**2 - 36*f + 57. Determine k(1).
-361
Let w(q) = -256*q**2 - 28*q + 9. Calculate w(1).
-275
Let x(j) = 1227*j + 72600. Calculate x(-59).
207
Let b(g) = 11287*g - 225747. Determine b(20).
-7
Let q(k) = -128*k - 24519. Determine q(-185).
-839
Let u(r) = 2*r**3 - 20*r**2 + 111*r - 1465. What is u(11)?
-2
Let z(f) = 8*f**2 - 609*f + 3876. What is z(69)?
-57
Let p(q) = -112*q + 3611. What is p(31)?
139
Let o(c) = -358*c - 1252. Determine o(5).
-3042
Let p(i) = -398652*i - 4385176. What is p(-11)?
-4
Let f(v) = -1272*v + 945. Determine f(-1).
2217
Let h(d) = 10*d**3 + 17*d**2 + 19*d + 40. What is h(-2)?
-10
Let m(u) = -u**2 - 4913*u + 108607. Determine m(22).
37
Let a(n) = -n**3 - 81*n**2 + 12880*n + 56. Calculate a(80).
56
Let d(o) = 353722*o - 10257925. What is d(29)?
13
Let q(y) = y**3 + 565*y**2 - 8699*y + 571. What is q(-580)?
-9
Let l(y) = -652*y - 172803. Give l(-265).
-23
Let z(w) = -37427*w - 75501. Determine z(-2).
-647
Let h(q) = 181020*q + 22446479. What is h(-124)?
-1
Let g(o) = 127*o + 11383. Give g(-91).
-174
Let t(r) = 4*r**2 + 9828*r